21121 + 112002111?
122101002
In base 7, what is -3 - 3665002604?
-3665002610
In base 15, what is -2591e - 3e9?
-25d18
In base 3, what is 1121 + 1202012021220?
1202012100111
In base 7, what is -100124 - 33546?
-134003
In base 13, what is -5 - -556741c0?
556741b8
In base 16, what is 9fa - -2375?
2d6f
In base 2, what is -11010010 + 11101101010100001?
11101100111001111
In base 7, what is 1152346 + -121?
1152225
In base 11, what is -1 - 23641472?
-23641473
In base 14, what is -510648 - -a?
-51063c
In base 4, what is -2 + 12310132201?
12310132133
In base 8, what is -3332 + -13552?
-17104
In base 16, what is 0 + 10034de?
10034de
In base 8, what is 13057061 + -3?
13057056
In base 3, what is 11010012200000100 + -2?
11010012200000021
In base 12, what is -3a9b - -5128?
1249
In base 13, what is -2cc4a - -1411?
-2b839
In base 4, what is 12 + -302022101100?
-302022101022
In base 14, what is -107c - -3016?
1d78
In base 13, what is 3 + 222c00?
222c03
In base 10, what is 573235 + -36?
573199
In base 6, what is 350025 - -11052?
401121
In base 3, what is -202120211202102 - 20?
-202120211202122
In base 9, what is 215755 + 183?
216048
In base 5, what is 2 - 1233222314?
-1233222312
In base 3, what is 202211100102021 - 12?
202211100102002
In base 5, what is 14 + -11014303420?
-11014303401
In base 13, what is 487595 + -12?
487583
In base 9, what is -461164701 + 1?
-461164700
In base 7, what is -40012 - 1355126?
-1425141
In base 6, what is 0 + -32330035514?
-32330035514
In base 16, what is -838bf - 7?
-838c6
In base 15, what is 345374 - -7?
34537b
In base 11, what is 1 - 62061021?
-62061020
In base 5, what is -13103141 + 134?
-13103002
In base 5, what is 14 - -10321003?
10321022
In base 10, what is 56084665 - 5?
56084660
In base 14, what is -7a3 + -8620?
-8dc3
In base 14, what is -bb660 + 1bc?
-bb482
In base 3, what is 21102121112 - 11210?
21102102202
In base 14, what is 2c306310 - 4?
2c30630a
In base 14, what is -4b - -1c6a23?
1c69b6
In base 2, what is 1000100 + -1010110101011101?
-1010110100011001
In base 12, what is 487b4b + 16?
487b65
In base 5, what is -13121 - -100130?
32004
In base 4, what is 2031321231220032 - 2?
2031321231220030
In base 14, what is -19495 + d5?
-193a0
In base 8, what is -4 - -40652013?
40652007
In base 8, what is 2357274 - 1002?
2356272
In base 5, what is -1 + -34444124243?
-34444124244
In base 6, what is -2 - -2242523524?
2242523522
In base 12, what is 2a178b - -22?
2a17b1
In base 16, what is -9576 - -7d0?
-8da6
In base 3, what is -12012222021000012 - -21?
-12012222020222221
In base 6, what is 2005240453 + -10?
2005240443
In base 4, what is 123121122 + -22201?
123032321
In base 6, what is 2533153 - 54?
2533055
In base 14, what is -4982 - 36d2?
-8274
In base 6, what is -4 - -352410244?
352410240
In base 14, what is 21803 + 16?
21819
In base 6, what is 1055 - 3212553?
-3211454
In base 10, what is 305 - -17485?
17790
In base 16, what is -8 + -bdf553?
-bdf55b
In base 7, what is 102501445 - 24?
102501421
In base 12, what is -21601 - -b93?
-2062a
In base 13, what is 5caa5 - -a0b?
607b3
In base 15, what is -ab4 + 4346?
3782
In base 11, what is 5 - 228750a?
-2287505
In base 13, what is -41 - -99c065?
99c024
In base 4, what is -22312231 + 2301?
-22303330
In base 7, what is 355140 + -166?
354641
In base 11, what is -504 - 15315?
-15819
In base 11, what is 8a401 + 1?
8a402
In base 13, what is 39 - -51c72?
51cab
In base 6, what is -3 - -22354540?
22354533
In base 16, what is -3fb - 2cc8?
-30c3
In base 5, what is -12241 + 3200030?
3132234
In base 3, what is -102121200 - 2021210?
-111220110
In base 5, what is 1040 + 14104422?
14111012
In base 11, what is 2 - 558a3?
-558a1
In base 13, what is 84b23 + a6?
84bc9
In base 15, what is 898d - -31?
89be
In base 10, what is -6017 + 319?
-5698
In base 8, what is 5 - -25136563?
25136570
In base 4, what is 23320 + -2200032211?
-2200002231
In base 3, what is 1 + -12220101122212211?
-12220101122212210
In base 4, what is 11001 - -123131113?
123202120
In base 8, what is 16773334 - -15?
16773351
In base 6, what is 350125031 + 5?
350125040
In base 8, what is 335211 + 53?
335264
In base 2, what is -10000110 - -10000001111001?
1111111110011
In base 10, what is -99090 - 385?
-99475
In base 7, what is 1226 - -255416?
256645
In base 13, what is -13 + 84b09?
84ac6
In base 16, what is 722fb - -18?
72313
In base 4, what is 130303030303312 + 0?
130303030303312
In base 4, what is 3 + 22113120330?
22113120333
In base 5, what is 142 - 1422443?
-1422301
In base 7, what is -12 + 163223226?
163223214
In base 8, what is -2534141421 + -2?
-2534141423
In base 15, what is 7 - 10c8a?
-10c83
In base 12, what is -2 + 7686534?
7686532
In base 4, what is 1122 - -20321101?
20322223
In base 5, what is 20414 + -13400?
2014
In base 13, what is 213a5 - -10b?
214b3
In base 10, what is -2884 - 544988?
-547872
In base 12, what is -220947 + 458?
-2204ab
In base 15, what is 1ec - -378b?
3988
In base 3, what is -22011212022012 + 10?
-22011212022002
In base 15, what is -842 + 78d?
-a4
In base 2, what is 1001100111100101010 + 111100111?
1001101000100010001
In base 13, what is 993 + -7482?
-67bc
In base 3, what is 12 - 20002101000211120?
-20002101000211101
In base 5, what is -13414 - -20340022?
20321103
In base 10, what is -16 - 24647033?
-24647049
In base 2, what is 1000001100010 + 11001010101010?
100001100001100
In base 15, what is 1b6a - 79?
1ae1
In base 3, what is -2 - 10021100222211?
-10021100222220
In base 7, what is -1 + 66260341?
66260340
In base 16, what is -233d828 - 1?
-233d829
In base 5, what is -4 + -444312224?
-444312233
In base 15, what is 2b829 + -90?
2b789
In base 11, what is -8a060 + -87?
-8a137
In base 5, what is -2103123 - -44310?
-2003313
In base 16, what is 19ca6ee + 3?
19ca6f1
In base 13, what is -4 + 466b34?
466b30
In base 11, what is 12 + -2759a8?
-275996
In base 2, what is -10001000 + 1011111001000010001110?
1011111001000000000110
In base 8, what is -177 - -500304?
500105
In base 5, what is -3031132200134 - -1?
-3031132200133
In base 16, what is 162c + -31be?
-1b92
In base 13, what is -2 - -2803c639?
2803c637
In base 6, what is -15250420003 + -4?
-15250420011
In base 12, what is 270a9617 + 4?
270a961b
In base 13, what is 1b430 + 62?
1b492
In base 6, what is 0 - -2002433001?
2002433001
In base 6, what is -4 - -4514155121?
4514155113
In base 4, what is 10 - 33102222111?
-33102222101
In base 10, what is 373938 - 242?
373696
In base 12, what is 4 - -19967a?
199682
In base 6, what is 1422351402 + -3?
1422351355
In base 6, what is 1104525 + -124?
1104401
In base 16, what is -ca0 + -1b71?
-2811
In base 5, what is -4 + -2122130334?
-2122130343
In base 13, what is -21 + -183837?
-183858
In base 6, what is -3 + 2014412?
2014405
In base 13, what is -1a00 + -ac2?
-27c2
In base 3, what is -1122020120021 + 121211?
-1122012221110
In base 4, what is -3 - 123203030203?
-123203030212
In base 6, what is -4 - 4442234323?
-4442234331
In base 15, what is 821395 - 57?
82133d
In base 8, what is 0 - 75106616?
-75106616
In base 11, what is 0 - 7a613565?
-7a613565
In base 5, what is -322404020000 - 3?
-322404020003
In base 12, what is -7463a1b8 + 0?
-7463a1b8
In base 11, what is 473 + 1364a2?
136965
In base 9, what is 358108 - 4573?
353425
In base 13, what is 21b531c4 - -8?
21b531cc
In base 9, what is 1 + -3542805?
-3542804
In base 5, what is -1331 + -1210013310?
-1210020141
In base 6, what is -11143 - -533233?
522050
In base 7, what is 244306 - 1320?
242656
In base 2, what is -11111110000101010011100101011 + 10?
-11111110000101010011100101001
In base 16, what is -a - ebbf?
-ebc9
In base 8, what is -104251 - 63?
-104334
In base 8, what is -1351036146 - 5?
-1351036153
In base 8, what is -2 + 162050?
162046
In base 12, what is -15a7b63 - a?
-15a7b71
In base 6, what is -44 - 251250052?
-251250140
In base 5, what is 30421110413 - 0?
30421110413
In base 2, what is 1100 - 101111110101100111?
-101111110101011011
In base 5, what is 20344221 - -3031?
20402302
In base 3, what is 102212 + 121002212?
121112201
In base 2, what is -101111001 - -100101001010101111?
100101000100110110
In base 11, what is -5 - -173977?
173972
In base 4, what is 320232202210 - 1?
320232202203
In base 11, what is -12766 - -140?
-12626
In base 10, what is 1437193 + -8?
1437185
In base 8, what